hat is 1 - -4040431?
4040432
In base 10, what is 23563 - -4?
23567
In base 7, what is -3 - 3263445?
-3263451
In base 6, what is 1 + -212055?
-212054
In base 6, what is 3 - 11352122?
-11352115
In base 11, what is 2 + -690308?
-690306
In base 10, what is -1752 + 7?
-1745
In base 14, what is -33bd + b?
-33b2
In base 5, what is 112124 - -331?
113010
In base 9, what is -32226 + 10?
-32216
In base 4, what is -121 - 112202?
-112323
In base 10, what is -71 + 1576?
1505
In base 6, what is 1 + -101514345?
-101514344
In base 16, what is 5 + 996?
99b
In base 12, what is -4a + -52?
-a0
In base 4, what is 2022331 - 10200?
2012131
In base 3, what is -10 + -10102222000?
-10102222010
In base 9, what is 2034362 + -2?
2034360
In base 6, what is 144021431 + -1?
144021430
In base 15, what is -5 - -93d1?
93cb
In base 14, what is 29d6d - b?
29d62
In base 7, what is 2260 - -221?
2511
In base 4, what is 0 + 223330?
223330
In base 10, what is 214703 + 1?
214704
In base 12, what is 119 - 12a?
-11
In base 6, what is -12051 + -1114?
-13205
In base 4, what is -13 + 101303010?
101302331
In base 15, what is 1 - -946a?
946b
In base 8, what is -23 + 4161?
4136
In base 8, what is 13173 + -30?
13143
In base 8, what is 1235 - 55?
1160
In base 2, what is 111 + 100111011110110?
100111011111101
In base 14, what is -296 + 129?
-16b
In base 3, what is -222201122 - 0?
-222201122
In base 16, what is 57d + -34?
549
In base 6, what is -2 + 11003324?
11003322
In base 10, what is 30952 - 5?
30947
In base 11, what is -3 + 199893?
199890
In base 6, what is -224150 + 5?
-224141
In base 11, what is 1a - -a1?
110
In base 3, what is 10 - -1102211?
1102221
In base 6, what is 4103 - -200?
4303
In base 7, what is -2552 - -5331?
2446
In base 15, what is -8006 + 5?
-8001
In base 5, what is -32 + 2013?
1431
In base 13, what is -ca9a8 - 1?
-ca9a9
In base 4, what is 3023 + 33321?
103010
In base 4, what is -1210000 - 1002?
-1211002
In base 12, what is 1210 + b15?
2125
In base 7, what is 531001 + -2?
530666
In base 2, what is -11 + 1100001?
1011110
In base 6, what is 40 - 2431?
-2351
In base 3, what is -22221122221 + -212?
-22221200210
In base 12, what is -2a8 + a?
-29a
In base 12, what is 95aa - 17?
9593
In base 16, what is -860 + -13?
-873
In base 4, what is 2020230 - 2?
2020222
In base 4, what is -1330 - 2101230?
-2103220
In base 9, what is -247606 + -2?
-247608
In base 7, what is -120364 + -105?
-120502
In base 5, what is 1141 - 234?
402
In base 6, what is 124 + -340?
-212
In base 6, what is -2 - -31224?
31222
In base 8, what is -33367 - 4?
-33373
In base 6, what is -30345 - 20?
-30405
In base 10, what is 5 + -18827?
-18822
In base 13, what is 2638 + 173?
27ab
In base 11, what is -26053 + -30?
-26083
In base 2, what is -100 + 111011111011000110?
111011111011000010
In base 11, what is 32162 + 5?
32167
In base 5, what is -1101020 + -133?
-1101203
In base 3, what is 10 - 102220200?
-102220120
In base 8, what is -1225 - 235?
-1462
In base 10, what is -18 + 40399?
40381
In base 2, what is 1000 - -111000100001010?
111000100010010
In base 5, what is -30 + 1314414?
1314334
In base 15, what is -a9 - -669?
5b0
In base 14, what is -d - -377c2?
377b3
In base 2, what is 11 + 11011100001000100001?
11011100001000100100
In base 12, what is 78aaa2 + -1?
78aaa1
In base 5, what is -20141223 - 10?
-20141233
In base 6, what is 432535 - -52?
433031
In base 16, what is -bf3 - -41?
-bb2
In base 7, what is 10633 - -20?
10653
In base 15, what is 30 + -4986?
-4956
In base 14, what is 19 + 65d?
678
In base 14, what is 2678 + -110?
2568
In base 7, what is -102 - 111266?
-111401
In base 11, what is -4 + 11936?
11932
In base 4, what is -2013 + -12210?
-20223
In base 6, what is -2 - 132420?
-132422
In base 2, what is 100110000101010110 + 10?
100110000101011000
In base 3, what is -1101 - 2000222?
-2002100
In base 7, what is 2 - -224254?
224256
In base 14, what is 1b + 1847?
1864
In base 5, what is -4 - 4320344?
-4320403
In base 8, what is -3 + 43654?
43651
In base 13, what is -34 - 667?
-69b
In base 11, what is a750 + 3a9?
10049
In base 12, what is 35 - -b65a?
b693
In base 8, what is -3 - 1615524?
-1615527
In base 5, what is 1433214 - -4?
1433223
In base 5, what is -12 - -12330142?
12330130
In base 4, what is 0 - 12121231?
-12121231
In base 14, what is -6844a - 2?
-6844c
In base 6, what is -321442 - -3?
-321435
In base 2, what is 100100101111 - -10101111?
100111011110
In base 4, what is 1101100202 - -11?
1101100213
In base 8, what is -1 + 1035235?
1035234
In base 7, what is -231303 - 230?
-231533
In base 14, what is 6a13 - -3?
6a16
In base 2, what is 1011 - 10000001011011?
-10000001010000
In base 10, what is 69 - -28?
97
In base 2, what is 1 + 110110110011?
110110110100
In base 3, what is -10 - 22002100012?
-22002100022
In base 14, what is -100aa - -4?
-100a6
In base 13, what is 1a + -1164?
-1147
In base 3, what is -1 - 1001001012?
-1001001020
In base 16, what is -f8 - -25?
-d3
In base 3, what is -121020212 + -1?
-121020220
In base 9, what is -13 + 341832?
341818
In base 15, what is 25 - 8a1?
-87b
In base 4, what is 31 - -100033013?
100033110
In base 9, what is 672 + -1014?
-232
In base 10, what is -271322 - 1?
-271323
In base 11, what is 2864 - 63?
2801
In base 5, what is -100 - 2221?
-2321
In base 2, what is 100101111000 - -101110?
100110100110
In base 8, what is 5344 + 60?
5424
In base 12, what is -1230 + -16?
-1246
In base 14, what is 2 + -2d03?
-2d01
In base 14, what is 101c + -48?
db4
In base 13, what is 2c4 + -45?
27c
In base 4, what is 0 - -22033?
22033
In base 7, what is -3 - 45261?
-45264
In base 13, what is 1154 - -1c?
1173
In base 13, what is -4 + -89b13?
-89b17
In base 12, what is -1076 + 146?
-b30
In base 10, what is -52606 + 33?
-52573
In base 12, what is 1a + -7b0?
-792
In base 12, what is -a87b2 + -5?
-a87b7
In base 8, what is -214 + 12211?
11775
In base 5, what is -20313 + 21?
-20242
In base 9, what is 4 + 8712?
8716
In base 6, what is -1341 - -4002?
2221
In base 6, what is 125210 - 0?
125210
In base 7, what is 1045 + -4?
1041
In base 15, what is -5 + 1ac2b9?
1ac2b4
In base 3, what is 1000220121122 + -10?
1000220121112
In base 13, what is -7 + cc9?
cc2
In base 9, what is -162356 - -8?
-162347
In base 8, what is 1 + 53176?
53177
In base 4, what is -3213011300 + 1?
-3213011233
In base 12, what is 7 - -3827?
3832
In base 12, what is 6599 - -b?
65a8
In base 10, what is -4 - -163184?
163180
In base 6, what is 20015 - -312?
20331
In base 5, what is 301420 + -232?
301133
In base 15, what is -8 - 801?
-809
In base 2, what is -110010 - 110100010101101?
-110100011011111
In base 15, what is -4 - eb19?
-eb1d
In base 3, what is 1110022220 - -10?
1110100000
In base 6, what is -12350225 - 4?
-12350233
In base 12, what is -20a327 + -3?
-20a32a
In base 9, what is 14468 - 23?
14445
In base 12, what is -202a - -43?
-1ba7
In base 12, what is -6 - 2a16?
-2a20
In base 10, what is 236969 - 5?
236964
In base 4, what is -23 - -2331013?
2330330
In base 12, what is b0 - -267?
357
In base 3, what is -1 - 1202201?
-1202202
In base 9, what is -670152 - -3?
-670148
In base 4, what is -303 + -32013?
-32322
In base 4, what is 10 - 10203000?
-10202330
In base 13, what is 2c2 + 423?
715
In base 16, what is -7865 + 0?
-7865
In base 14, what is -88b + -39a?
-c47
In base 3, what is -122021212210 + -11?
-122021212221
In base 11, what is -2 + -45164?
-45166
In base 10, what is 226 + -26?
200
In base 10, what is 20 + -37?
-17
In base 16, what is -4c5c5 + 5?
-4c5c0
In base 14, what is 9 - aa20?
-aa15
In base 8, what is -4 - 215?
-221
In base 7, what is 324502 + -3?
324466
In base 12, what is 1207 + b56?
2161
In base 8, what is 5 - -316231?
316236
In base 13, what is 5 - 11b8?
-11b3
In base 15, what is 4 - -4242c?
42431
In base 10, what is 16 + -23155?
-23139
In base 12, what is a - -b20?
b2a
In base 7, what is -11246 - 0?
-11246
In base 7, what is 1210514 - -5?
1210522
In base 9, what is -8386 + -47?
-8444
In base 12, what is 4b7 - -3b?
536
In base 10, what is 3 + -846?
-843
In base 11, what is 109571 + 2?
109573
In base 7, what is 3123613 - 2?
3123611
In base 13, what is -1ac - -93c?
760
In base 12, what is 11635 - 1?
11634
In base 10, what is 251 + -771?
-520
In base 7, what is 12 - 42255?
-42243
In base 14, what is 42 + -db?
-99
In base 4, what is -3